ose 0 = 38*t - 16*t - 704. Suppose -k = 5*w - 241, -3*w + 5*k = -w - 91. Suppose -35*s + w = -t*s. Calculate the greatest common divisor of 64 and s.
16
Let m = 46 + 704. Suppose -13*g + m = 100. What is the highest common divisor of g and 800?
50
Suppose -4*n + 450 = -11*a + 16*a, 329 = 4*a - 3*n. Suppose -57 = z - 2*z - m, 2*z - 5*m - a = 0. What is the greatest common factor of 1537 and z?
53
Let b(l) = 111*l + 1. Let v be b(1). Let h be (-39 - 24457/(-148)) + (-1)/4. What is the greatest common divisor of h and v?
14
Let k(c) = 237*c + 228. Let n be k(17). Suppose -n = 22*u - 25*u. What is the highest common factor of 33 and u?
33
Suppose 39*p - 98280 = -221*p. What is the greatest common factor of p and 96?
6
Let n be 7/((-28)/(-992))*2. Suppose -5*g = -20, -1114 = -4*z + 4*g - 1066. Calculate the greatest common factor of n and z.
16
Let c(x) = 117*x**2 - 67*x + 382. Let o be c(6). What is the highest common factor of o and 32?
32
Let z(w) = -w**3 + 8*w**2 - 7*w. Suppose 5*p - 2*k - 17 = 9, -34 = -4*p - 5*k. Let s be z(p). Calculate the highest common factor of s and 4.
2
Let o = 3783 + -3493. What is the highest common factor of o and 2146?
58
Suppose -2*m - 2*m + 2*b + 132 = 0, -126 = -3*m - 3*b. Calculate the highest common divisor of 5094 and m.
18
Let v(x) = -8 + 5*x**2 - 11*x**2 + 11*x**2 + 5*x**2. Let g be v(-2). What is the greatest common divisor of g and 288?
32
Let p be (30/(-4))/5*1312/(-6). Let y be p*7/70*10. Calculate the greatest common divisor of y and 8.
8
Let q(x) = -x**3 - 8*x**2 - 6*x + 80. Suppose 5*m = -5*g - 10, -33 = 13*g - 9*g - m. Let p be q(g). What is the greatest common divisor of p and 73?
73
Suppose 6*f = -2*f + 5928. Let j = -729 + f. Calculate the highest common factor of j and 54.
6
Suppose 28*a - 24*a + u = 7556, 5676 = 3*a + 3*u. Calculate the highest common divisor of 590 and a.
118
Let y be -4*(-6042)/38*(-2)/(-24). What is the greatest common divisor of y and 1431?
53
Let u(m) = -47*m + 3918. Let o be u(83). Calculate the greatest common factor of 9826 and o.
17
Suppose 30 = 23*x - 29*x. Let t(j) = -118*j - 32. Let b be t(x). Calculate the highest common divisor of 31 and b.
31
Let q be (5 - -9*(-6)/18)*(-45342)/(-12). What is the greatest common divisor of q and 33?
33
Suppose -3*f - 545 = 4*p - 0*f, -4*p = -4*f + 580. Let c = -125 - p. Suppose 4*t - 8 = 12. Calculate the greatest common divisor of t and c.
5
Let x(y) = 270*y**3 - y - 1. Let l be x(-1). Let w = 10 - l. Calculate the highest common divisor of w and 40.
40
Let v(n) = n**2 - 49*n - 23. Let m be v(50). Calculate the highest common divisor of 2 and m.
1
Suppose -3*o + 0*m + 75 = m, 4*m = 4*o - 116. Let h be 57 + 4*(-1 - -3) + -13. Calculate the highest common divisor of h and o.
26
Let o be ((-393)/9*12)/(4 - (-64)/(-12)). What is the highest common divisor of o and 6?
3
Suppose -4*g - 12 = b - 176, -5*b = -4*g - 964. What is the highest common factor of b and 14006?
94
Let p = 8415 + -8351. What is the greatest common factor of 592 and p?
16
Let g be (0 - -3)/((-1)/1420*-15). Suppose 690 = 7*i + g. Calculate the greatest common factor of 116 and i.
58
Let f be 460/15 - 2/3. Suppose 3*d - 856 = s, -801 = -3*d + 3*s + 57. What is the greatest common divisor of d and f?
15
Let h be (((-504)/10)/(-7))/(5 + (-247)/50). Let q be (-12)/8*(-20)/6. What is the highest common divisor of h and q?
5
Let c be (-2 - 0)*(-4)/4*-1. Let f be 181 - c*(39/6)/13. What is the greatest common factor of 52 and f?
26
Suppose 3*l - 240 = 12. Let i be (7 - (-3 - -9))/((-1)/(-2)). Let z be ((-10)/20)/(i/(-28)). Calculate the greatest common divisor of z and l.
7
Let y = -519 + 1369. Let d = y - 814. What is the greatest common factor of d and 45?
9
Let b(f) = -83*f + 1344. Let j be b(16). Calculate the greatest common factor of j and 8192.
16
Let x = -6190 + 6242. What is the highest common divisor of x and 1313?
13
Let d = -75 + 24. Let q be d/34 - (0 - 3/2). Suppose q = i + 2*i - 150. Calculate the highest common factor of i and 25.
25
Suppose 38*x - 47*x + 1782 = 0. Let w be x/12*(0/3 - -2). Let a be (-438)/(-8) - 2/(-8). What is the highest common factor of a and w?
11
Let z = 11 - 7. Let n = 23 - 20. Let x be -4*n/((-9)/24). Calculate the greatest common divisor of x and z.
4
Let b = -1063 + 1077. Let o(d) = -51*d + 2. Let m be o(-3). Let q = m - 1. What is the highest common divisor of b and q?
14
Let s = -202 + 388. Let i = 202 - s. Let b be 32/(-3 - (-19)/6). What is the greatest common divisor of i and b?
16
Let x = -13 - -22. Let o(g) = 2*g**3 - 17*g**2 - 118*g + 1021. Let c be o(7). What is the greatest common factor of x and c?
3
Suppose -504 = -1016*s + 1010*s. What is the highest common divisor of 644 and s?
28
Let p(q) = -10 + 23 - 3 - 12 + q. Let l(b) = -b + 1. Let t(i) = -4*l(i) - 6*p(i). Let d be t(-16). Calculate the highest common factor of d and 80.
40
Let h = 37109 - 36932. Calculate the highest common factor of 40179 and h.
177
Let x(g) = -27*g**2 + 2*g**3 + 28*g**2 + 3*g - 6 + 1. Let s be x(3). Suppose -4*p + s = -5*a, -1 = -p + a + 15. What is the greatest common divisor of 26 and p?
13
Suppose 0 = 4*i - 24, -l + 3*i - 24 = -124. What is the greatest common divisor of l and 5074?
118
Let b be 1*1820 - (-29)/((-725)/200). What is the highest common factor of b and 84?
12
Suppose -5*c = -r + 3549, r - 1733 = 2*c - 314. Let j = -390 - c. What is the highest common divisor of 40 and j?
40
Let u(p) = -29*p - 11. Let s(g) = 30*g + 13. Let v(c) = 5*s(c) + 6*u(c). Let q be v(-3). What is the greatest common factor of 426 and q?
71
Suppose -3*p + 8 = -2*p. Let s = 239 - 237. Suppose 5*o + s*c = 312, 2*c - 248 = 4*o - 8*o. What is the greatest common divisor of o and p?
8
Let u(m) = m + 14. Let d be u(-7). Suppose d*b - 123 = 87. Let k = b + -22. What is the highest common factor of k and 40?
8
Suppose -27*a = -1673 + 1241. Calculate the greatest common divisor of a and 44.
4
Let k = 23 - 32. Let o = k - -13. Suppose o*t = -5*l + 250, -4*t + l + 102 + 136 = 0. Calculate the highest common divisor of 40 and t.
20
Let f(b) = 16*b**3 + b - 1. Let w be f(1). Suppose -8*d - 240 = -w*d. What is the highest common divisor of d and 10?
10
Let f(j) = 10*j + 16. Let o be f(10). Suppose -4*h = -6*h + o. Let x = 4 + 25. Calculate the highest common divisor of x and h.
29
Suppose -11 + 20 = u. Let d be (-15 - -6)/(6/(-4)). Let c = d + u. Calculate the greatest common factor of 60 and c.
15
Suppose -4*s - 14 = i, 3*i - 2*s = -5*s - 15. Let p be (i - 202/(-3))*12/(-2). Let a be p/(-2) + 2 + (-4)/2. Calculate the highest common divisor of a and 28.
28
Let g be 6/21 + ((-36)/(-21) - 2). Suppose 16*y - 12*y = g. Suppose 2*r - 156 = -5*a - y*r, -2*r - 100 = -3*a. Calculate the greatest common factor of 4 and a.
4
Let w(c) = c**2 + 74*c + 63. Let j(m) = -25*m - 21. Let a(v) = 11*j(v) + 4*w(v). Let l be a(-12). Calculate the greatest common factor of l and 60.
15
Let q(c) = 31*c + 800. Let m be q(-2). What is the highest common divisor of m and 81?
9
Let t(a) = -a**2 + 13*a + 23. Let i be t(14). Let p be (21/i)/((-77)/(-33)). Let f be ((-33)/12)/((-2)/8). What is the greatest common factor of f and p?
1
Let z be (0 - -1)*(-5 + 36). Suppose -c + z = 29. Calculate the highest common factor of c and 4.
2
Let i(w) = -w**3 + 9*w**2 - 2*w - 26. Let j be i(6). Suppose -j*b + 2 = -68*b. Suppose v = -3*a + 3, -2*a + a = 0. What is the highest common factor of b and v?
1
Suppose j + x = 2*x + 109, -2*j - 5*x + 253 = 0. Suppose 0 = -u + j + 17. Let q = u + -31. What is the greatest common divisor of 40 and q?
20
Let z = 470 + -336. Let k = -116 + z. What is the highest common factor of 2 and k?
2
Let t = -20327 + 20349. Suppose 3*s = -8 + 2. Let w = s + 4. Calculate the greatest common factor of t and w.
2
Let i be 130*(-16 - -82)/11. What is the greatest common factor of i and 240?
60
Let c = -21049 - -21130. What is the greatest common factor of 387 and c?
9
Suppose -17 = -4*c + 7. Let g be 2*(-20)/(-15) + 2/c. Suppose 0 = -g*o - 3*o + 42. Calculate the greatest common divisor of 63 and o.
7
Suppose 0 = 2*a + 3*f - 207, 321 = 5*a - 2*a + f. Let l be (-3 - -9) + (-13 - -3 - -8). Calculate the greatest common factor of l and a.
4
Let f(y) = 187*y - 3. Let m be f(1). Let z(